= -4*g. Let n(u) = -6 - 2*u + 4*u + u**2 - 4*u. What is the units digit of n(g)?
9
Let h be (-24)/2*(-2)/4. Let k = 2 - -1. Suppose 0 = 3*c - h, 5*c + k + 2 = 3*l. What is the units digit of l?
5
Suppose -7*x + 3*x = -20. Suppose x*o + 86 = 4*v, -4*v + 29 + 45 = o. What is the units digit of v?
9
Suppose 2*s + 0*q - q - 5 = 0, 3*q - 12 = -3*s. Suppose 0*f + 24 = 2*y + 4*f, -3*y + 27 = -s*f. What is the tens digit of y?
1
Suppose -3*u = -0*u. Suppose -3*m = -0*q - q + 4, 4*m - 16 = u. What is the units digit of q?
6
Let p = 11 + -5. What is the units digit of p?
6
Let j = -9 - -13. Let z = j - 9. Let t = z - -9. What is the units digit of t?
4
Let f(y) = -y**2 - 8*y + 11. Let b be f(-9). Let p(k) = 0 + b + 14*k - 10*k + 2*k**2 + 4*k**2. What is the tens digit of p(-2)?
1
Suppose 7*a = 2*a. Let q = 3 + a. What is the units digit of -1 + q + 2 + -1?
3
Let d(n) = -n**2 - 9*n - 5. Let t be d(-6). Suppose 102 = -10*f + t*f. What is the units digit of f?
4
Let o(z) be the second derivative of z**5/20 - z**4/3 - 5*z**3/6 - 3*z**2/2 - z. Let w be o(5). What is the units digit of 2 + ((-3)/1)/w?
3
Let y(p) = 1 + 6*p - p**2 + 0*p + 1. Let v be y(6). What is the units digit of ((-5)/(-2))/(1/v)?
5
Suppose 0 - 4 = -2*q. Suppose -4*m + 2 = -q*w, 4*w + 4*m - 70 = -26. What is the units digit of w?
7
Let k be ((-13)/(-2))/((-3)/(-6)). Suppose 0 = 5*q + 15, -17 - k = -3*b + 4*q. What is the units digit of 4*((-9)/b)/(-1)?
6
Let o(a) = 9*a**2 + 12*a + 21. What is the units digit of o(-4)?
7
Let a = 3 - -5. What is the units digit of (-1)/2 + 204/a?
5
Let m(v) = -v**3 + 3*v**2 - 2*v - 1. Let z be m(3). Suppose -14 = -4*c - 78. Let w = z - c. What is the units digit of w?
9
Suppose -4*n + j = -3, -5*j = -6 - 19. Let u = -5 - -10. Let z = u - n. What is the units digit of z?
3
Let m = 122 - 46. What is the units digit of m?
6
Let g be (-2)/(1 - 12/9). Suppose 0 = 2*d - g*d + 12. What is the units digit of d?
3
What is the tens digit of 78/15*(-30)/(-6)?
2
Let u be 4 + (2 - 1)*-1. Suppose -2*w - 4*z = -u*w - 4, -22 = -2*w - 2*z. What is the units digit of w?
8
Suppose 4*t = 4*k, 0 = 2*t + 4*k - 0*k - 12. Let q(c) = -13 + c**3 + 3*c + 10*c**2 - t*c + 4*c + 2*c. What is the units digit of q(-9)?
5
Suppose -4*i + 2*o + 152 = 0, i - 2*o = -o + 37. What is the units digit of i?
9
Let y = 0 - 0. Suppose y = -r - l + 58, -20 + 132 = 2*r - 2*l. What is the tens digit of r?
5
Let x be 6/(-8) + 1393/28. Suppose -2*k = 5 - x. What is the units digit of k?
2
Let c = -49 + 155. What is the hundreds digit of c?
1
Let r be ((-2)/(-5))/(3/30). Suppose 3*z = 3*p + 15, -4*z + 2*p = 5*p - 6. Suppose -r = -t - z. What is the units digit of t?
1
Let o(u) be the first derivative of -u**4/4 + u**3/3 - u**2/2 + 3*u + 1. Let r(c) = -c**3 - 3*c + 4. Let k be r(1). What is the units digit of o(k)?
3
Suppose q - 5*q - 3*a + 736 = 0, 4*a - 368 = -2*q. What is the units digit of q?
4
Let u = -62 - -99. What is the tens digit of u?
3
Let m be (3 + -5)/((-4)/6). Suppose 15 = t + r, 2*t = 3*r - m + 23. What is the units digit of t?
3
Let a(k) = k**2 + 3*k + 150. What is the units digit of a(0)?
0
Let x(b) = b + 14. What is the units digit of x(0)?
4
Suppose 4*f - 5*f + 9 = 0. What is the units digit of f?
9
Let n(f) = -f + 3. What is the units digit of n(-4)?
7
Let g be 2 + -1 + 3 + 0. Let q be (-1 + 0)/(-1) - -3. Let t = q + g. What is the units digit of t?
8
Let o(w) = w**2 + 4*w + 2. Let p be o(-5). Suppose p = 2*v + 5. What is the units digit of v?
1
Let i(q) = -q**3 + q**2 + 9. Let w be (-1 - -1)*(-3 - -2). Suppose -2*p - 5*d - 10 = w, -6 = -3*p - 0*d + 3*d. What is the units digit of i(p)?
9
Suppose -57*k + 56*k + 25 = 0. What is the tens digit of k?
2
Let o(m) = -m**2 - 5*m + 2. Suppose -2*d = 5*n + 35, 0*d + 3*d = -15. What is the units digit of o(n)?
2
Suppose u - 3 = -0. Let z(n) = -4 + 2*n - n + u. What is the units digit of z(3)?
2
Suppose 3*v - 5 = a + 16, 2*v - 2*a - 18 = 0. Let b = 28 - v. What is the units digit of b?
2
Suppose 0*p - 2*p = -4. Suppose 0 = -2*k + k + 2, -2*y + 22 = -p*k. What is the units digit of y?
3
Suppose 0 = 3*d + 2*d - 200. What is the units digit of d?
0
What is the units digit of (-1*6 - 2)*-2?
6
Suppose 4*l = -0*l - 2*t + 392, -294 = -3*l + 5*t. What is the tens digit of l?
9
Let w(b) = b + 4. Let q be w(9). Suppose 2*k = 13 + q. What is the tens digit of k?
1
Suppose 0 = 5*t + 2*z - 1307, -534 = -2*t + z + z. What is the tens digit of t?
6
Let t = 23 - 5. What is the units digit of t?
8
Let t = -8 - -15. What is the units digit of t?
7
Suppose -n = 8 - 6. Let m = 2 - n. What is the units digit of m?
4
Suppose 2*d + 4*q - 5*q - 4 = 0, -4*d - q + 8 = 0. What is the units digit of d?
2
Suppose 8 = 3*f - 4. Let x be 24/20*(-15)/(-2). What is the units digit of 3/(-12) + x/f?
2
Suppose 0 = s - 0*s - 3. Let u(g) = -2*g**2 + g**2 + 2*g**2 - 3. What is the units digit of u(s)?
6
Let o(l) = l**2 + 3*l + 6. Let w be 3/(0 + -3) - 3. What is the tens digit of o(w)?
1
Let f be 6/(-4)*6/(-9). Let v be f/(1/(-4)) - 0. What is the units digit of v/14 + (-88)/(-14)?
6
Let a(m) = -m**3 + 2*m**2 + 5*m - 3. Let w = 8 - 5. Let i be a(w). Suppose -q = i*k + 2*q - 24, -4*q - 16 = -2*k. What is the units digit of k?
8
Suppose 4*f - 1 - 7 = 0. Suppose x - f*j - 14 = -x, 5*j = x - 7. What is the units digit of x?
7
Suppose -41 = 3*n - 2*w, 9*n - 4*n - 3*w = -67. Let d = n - -17. What is the units digit of d?
6
Let s(f) = -f**3 - f**2 - f - 4. Let u(g) = g**3 + g**2 + 2*g + 5. Let n(v) = -4*s(v) - 3*u(v). Let r be n(-2). What is the units digit of (r - 19)/2*-1?
9
Suppose 5*a - 5*o = 723 + 567, 2*o = -2*a + 508. What is the units digit of a?
6
Let f(x) = x**2 + 10. Let r = 13 - 7. Suppose -r*m = -2*m. What is the units digit of f(m)?
0
Suppose 0 = 6*i - 758 - 1354. What is the units digit of i?
2
Suppose n + 2 = 4. Suppose 3*u = 2*u + n. What is the units digit of -2 + u + 3 + -2?
1
Suppose -5*w - 22 = 28. Let v = w + 24. What is the tens digit of v?
1
Let y = -267 - -428. What is the tens digit of y?
6
Let c(o) = -o**3 + 9*o**2 + 6*o - 5. What is the units digit of c(9)?
9
What is the units digit of 4/(-10) - (-17)/5?
3
Suppose 73 = 4*l - 5*w, l + 2*l + 5*w - 81 = 0. What is the tens digit of l?
2
Let r = 156 + -27. What is the hundreds digit of r?
1
What is the tens digit of (1 - -2) + -3 - -52?
5
Suppose 2*y = -v + 388, -4*y - 130 = -2*v - 914. What is the hundreds digit of y?
1
Let m(y) = -y**3 + 5*y**2 + 11*y + 4. What is the hundreds digit of m(-4)?
1
Let p = -45 - -77. What is the units digit of p?
2
Suppose -37 = -x + 1. What is the tens digit of x?
3
Let g = 5 + -3. Suppose 7*r - g*r - 20 = 0. Suppose 12 = 2*i - 0*d + d, 3*i + r*d = 13. What is the units digit of i?
7
Suppose 2*w = -w + 9. Suppose -31 = -4*h - 3*l, 0 = -w*h - 2*l + 5*l - 3. What is the units digit of h?
4
Suppose -2*m = 2*x + 8, -2*m = 2*m + 2*x + 16. Let q = 5 + m. What is the units digit of q?
1
Let a(l) = l**2 - l + 132. What is the tens digit of a(0)?
3
Suppose -3*f + 2*f - 5 = 0. Let j = 14 + f. What is the units digit of j?
9
Let o be (-2)/(-4)*-2 - -22. Suppose -6*q - 3*g - 39 = -q, 5*q - 3*g = -o. What is the units digit of (3 - q)*1 + -2?
7
Let j = 28 + -17. Suppose 2*t = -4*m - 26, 2*t = 5*m - 2*t. Let k = j + m. What is the units digit of k?
7
Let s(t) = -t**3 + 7*t**2 - 4*t - 7. Let n be s(6). What is the units digit of 15/(-2)*(-4)/n?
6
Suppose q = 3*h + 111, 4*q - 3*h - 309 = q. What is the tens digit of q?
9
Let y = 3 - -2. Suppose 0 = d - 3*c + 10, 0 = -y*d + c - 1 + 7. Let i = 7 + d. What is the units digit of i?
9
Let f = 6 - 4. Let b = 39 + -29. Suppose -f*u + u + b = 0. What is the tens digit of u?
1
Suppose 1 = 3*y - 2. Let r(l) = l**2 + l. What is the units digit of r(y)?
2
Let l = 3 + 1. Let w be -4 + l - 4*-1. Suppose 0 = w*f - 67 - 13. What is the tens digit of f?
2
Let n(o) = 26*o**2 - 1. Let h be n(1). Suppose 2*k + 3*t = 25, 2*k + t = -2*k + h. What is the units digit of k?
5
Suppose c = 5*x, 0 = 2*c - x + 4*x - 13. Suppose -4 = -c*n + 1, 4*n - 18 = -2*b. What is the units digit of b?
7
Let b = -6 + 7. Let l be (-3)/(-2)*2 - b. Suppose l*o = 0, o = 2*p - 3*p + 10. What is the units digit of p?
0
What is the tens digit of 362/4 - 10/(-20)?
9
Suppose 2*h - 2*g = -7*g - 12, -2